actors of o?
3, 17, 47
Let s(x) = 3*x**2 + 13*x - 10. Let w be s(-6). Suppose 565 = -15*m + w*m. List the prime factors of m.
113
Suppose 0 = -11*s - 0*s + 5027. List the prime factors of s.
457
Let u be (12/(-3) - -1)*(2 + -1). List the prime factors of (273/(-9))/(1/u).
7, 13
Suppose 3*z + 2 - 5 = 0. List the prime factors of (184/16)/(z/2).
23
Let l(r) = r**2 - 8*r + 9. Let g be l(6). Let v(w) = -w**2 + 6*w + 6. Let y(k) = k**2 - 5*k - 6. Let c(b) = 2*v(b) + 3*y(b). List the prime factors of c(g).
2, 3
Let y = -1233 + 3116. What are the prime factors of y?
7, 269
Let r(s) = 10*s + 83. Let u be r(-23). Let c = 25 + -117. Let f = c - u. List the prime factors of f.
5, 11
Let b(k) be the third derivative of k**5/30 - k**4/4 + k**3/6 + 3*k**2. Let v be (-6 - 3/(-3))*(-16)/20. List the prime factors of b(v).
3
Let h = -7732 - -13071. What are the prime factors of h?
19, 281
Let q = -527 - -910. What are the prime factors of q?
383
Let m be (-828)/(6/(-2)) + (-32)/8. Suppose -4*c - t + 68 = -3*c, -4*c + 3*t + m = 0. What are the prime factors of c?
2, 17
Suppose -68 = -5*h - j, 5*h + 5*j = 2*j + 64. Suppose 0*l - l = -h. Let t = -6 + l. List the prime factors of t.
2
Suppose 2 = a - 2, -2*a = -m - 8. Suppose m = -14*s + 17*s - 228. What are the prime factors of s?
2, 19
Let n(g) = 64*g**2 - 3*g + 10. List the prime factors of n(5).
5, 11, 29
Let f = 2 - -9. Let r(u) = -1 - 3*u - 12*u**3 - 7 - 14*u**2 + f*u**3 + 0. List the prime factors of r(-14).
2, 17
Let c = 135 - 124. Suppose c*v - 14*v = -204. List the prime factors of v.
2, 17
Suppose 4210 + 19598 = 32*d. List the prime factors of d.
2, 3, 31
Suppose 2*y = -3*u + 4880, 0*u + 2*y + 8144 = 5*u. What are the prime factors of u?
2, 11, 37
Let o(z) = 2*z + 72 + z**3 - 3*z + z**3 + 2*z. List the prime factors of o(0).
2, 3
Let i = 8 - 3. Suppose -3*n = -4*n - 5*u + 115, -u = i*n - 503. Suppose -5*l + 9 - n = -3*b, -37 = -b + 3*l. What are the prime factors of b?
2, 11
Suppose -10*m - 515 = -5*m. Let w = -11 - m. List the prime factors of w.
2, 23
List the prime factors of -7 + (-31)/(217/(-30366)).
61, 71
Let h = 228 + 108. Let d = h - 192. What are the prime factors of d?
2, 3
Suppose -9*g + 72 = -8*g. Let c = g - 64. List the prime factors of c.
2
Suppose -w + 276 = h - 0*w, -h - 4*w = -291. List the prime factors of h.
271
Let c = 162 + -152. What are the prime factors of c?
2, 5
Let v = -366 + 1031. What are the prime factors of v?
5, 7, 19
Suppose 3*c - 8*c = -15. Suppose -c*n + 86 = 20. Suppose -2*t + 76 = 2*x - n, 2*t + 167 = 3*x. List the prime factors of x.
53
Let h(b) = 12*b + 54. What are the prime factors of h(24)?
2, 3, 19
List the prime factors of (-966)/(-105) + 1/(-5).
3
List the prime factors of (3354/(-4))/(-3) + 101/202.
2, 5, 7
Let z be 43 + 1 + (-12 - -9). Let o = -17 + z. List the prime factors of o.
2, 3
Let p = 71 - -926. What are the prime factors of p?
997
Let o = 0 + 4. Suppose -o = 2*k, -3*k = -3*m - 2*k + 11. Suppose -3*r - 3*t + 129 = 0, -m*r = -2*r - 4*t - 23. List the prime factors of r.
3, 13
Suppose -l + j = 4, l + 4*j - 11 = -0. Let g(q) = 1. Let h(o) = -o**2 + 2*o - 7. Let z(v) = l*h(v) - 5*g(v). List the prime factors of z(-3).
17
Let x(z) = -28*z + 22. Let u be x(-10). Let s = -184 + u. What are the prime factors of s?
2, 59
Suppose -a = -6*a + 230. Suppose 230 = -5*r + n - 6*n, 0 = r - n + a. Let h = -20 - r. List the prime factors of h.
2, 13
Suppose 3*f - 190 - 14 = 0. Let h = f + 7. List the prime factors of h.
3, 5
Let p = 110 + -116. List the prime factors of 11830/56 - (1 - p/(-8)).
211
Let v(q) = q + 37. Suppose -5*y + 5*u + 25 = 0, -2*u = -3*y + 1 + 9. List the prime factors of v(y).
37
Suppose 8 = -r - 3*r. Let u(b) = -88*b + 1. List the prime factors of u(r).
3, 59
Suppose 0 = -3*i - 5*z + 2529 + 552, -4108 = -4*i + 4*z. What are the prime factors of i?
13, 79
Suppose 78*g - 76*g - 184 = 0. What are the prime factors of g?
2, 23
Let n be ((-2)/(-2))/((-5)/(130/2)). Let b = 104 + -71. Let g = n + b. List the prime factors of g.
2, 5
Suppose 5*t + 3996 = 8*t. List the prime factors of t.
2, 3, 37
Let y be 5/2*-6*1. Let g(u) = -u**3 - 14*u**2 + 12*u - 22. List the prime factors of g(y).
23
Let o = 2558 + -1698. List the prime factors of o.
2, 5, 43
Suppose -10*z + 15*z = 4*r + 13182, 5*z + 2*r = 13164. What are the prime factors of z?
2, 3, 439
Suppose 2*o + 10 = 152. What are the prime factors of 1/(-1) + o - -4?
2, 37
Let b = -14 + 17. Suppose -b*q - 6 = 3*d - 33, q + 4*d - 6 = 0. Let p = q + -4. List the prime factors of p.
2, 3
Let a(h) = 24*h**2 - h - 16. List the prime factors of a(4).
2, 7, 13
Let y(p) = p - 3. Let l be y(9). Let m = 3 - l. Let a(b) = -b**3 - 3*b**2 - 2*b - 3. List the prime factors of a(m).
3
Suppose 4 = 4*l, -3*o - 8*l = -3*l - 191. List the prime factors of o.
2, 31
Let i(n) = -90*n - 57. What are the prime factors of i(-2)?
3, 41
Let v(b) = 19*b + 27. Let t be v(-2). Let z(m) = 7*m - 7. Let l(r) = -3*r + 3. Let w(c) = -9*l(c) - 4*z(c). List the prime factors of w(t).
2, 3
Suppose -w + 57 = -0*w. Suppose w = 3*s - 141. List the prime factors of s.
2, 3, 11
Let z(i) = 8 - 1 + 3*i + 3*i. What are the prime factors of z(8)?
5, 11
Let h be (200/5)/((-3)/(-12)). Suppose 5*x = x + h. List the prime factors of x.
2, 5
Suppose 3*f + 1737 = 12*f. Let i = 333 - f. What are the prime factors of i?
2, 5, 7
Suppose -8*h + 16 = -4*h. Suppose -z = h - 0. What are the prime factors of (100/(-8))/(2/z)?
5
Let x(m) = m. Let b be x(-4). Let f = b + 9. Suppose -f*u + 4*t = -2, 2*u + u + 3*t - 12 = 0. What are the prime factors of u?
2
Let p = 19 - 24. What are the prime factors of 7 + p + (-42)/(-1)?
2, 11
Let i = -256 - -1521. List the prime factors of i.
5, 11, 23
Suppose 3*r - 5*u = 4, 2*r - 6*u + 4 = -u. Suppose 0 = 12*l - r*l - 172. List the prime factors of l.
43
Let y(h) = -3*h**3 - 2*h**2 + 3*h. Suppose 0 = 2*f - 7*f + 10. Let m be y(f). List the prime factors of (-706)/m + (-4)/26.
3
Suppose 4*i + 3*h = 1, 5*i + 2 = 4*h - 20. Let n be (-49)/(-28) + i/(-8). Suppose -n*k + 22 = -14. List the prime factors of k.
2, 3
Let o be (-8)/(-6)*(2 - (-411)/6). Suppose -v = -w + o + 195, -5*w + 1485 = 3*v. List the prime factors of w.
2, 3, 7
Let q = -174 + 107. Let k = q - -100. List the prime factors of k.
3, 11
List the prime factors of 24/(-204) - 19554/(-34).
5, 23
Let x(b) = 12*b**2 - 18*b - 69. List the prime factors of x(-5).
3, 107
Suppose -113*p + 690 = -98*p. What are the prime factors of p?
2, 23
Suppose 5*k = 3*k + 14. Suppose 9*p - k*p - 76 = 0. What are the prime factors of p?
2, 19
Let l be ((-1)/4)/(1/(-52)). Let k = 9 - l. What are the prime factors of (6/k)/(1/(-6))?
3
Suppose -85*y + 578935 = 176630. What are the prime factors of y?
4733
Suppose 5*w - 15 = 0, 3263 = 3*m - w - 1312. List the prime factors of m.
2, 7, 109
Suppose 0 = -6*h + 22 + 14. List the prime factors of 27/15*40/h.
2, 3
Let d = 41 - 17. Suppose 3*w = w - 4*s + d, 2*s = 5*w. Suppose 76 = 3*o + n, -o = 2*o + w*n - 77. List the prime factors of o.
5
Let k be 3 + 0 - (-2 + 3). Suppose 31 = 2*i + 3*c, -k*c - 7 - 7 = -3*i. Suppose i*t - 352 = -0*t. List the prime factors of t.
2, 11
Let i(n) = 32*n**2 + 3*n + 2. List the prime factors of i(-5).
787
Let u be 109/3 + 4/(-12). Let p = -19 + u. What are the prime factors of p?
17
Suppose -15 = 3*r - 6*r. Let g = r + -2. What are the prime factors of 5/(-15) + 40/g?
13
Let s be 1 - 5 - (5 + -1). Let w(u) = 5*u - 2 + 5 + u**2 + 12. List the prime factors of w(s).
3, 13
Let t(x) = -x + 23. Suppose 0 = -3*f + 2*f - 3*r - 3, r = -5. What are the prime factors of t(f)?
11
Let b(o) = -4*o - 5. Let y be b(-5). Let s = -30 + y. Let h = s - -25. List the prime factors of h.
2, 5
Let b(g) = -g**3 + 15*g**2 + 18*g + 10. List the prime factors of b(15).
2, 5, 7
Suppose 3*t + 0*q = -5*q + 14, 4*t - 5*q - 7 = 0. Suppose -t*y + 41 + 13 = 0. What are the prime factors of y?
2, 3
List the prime factors of (454/(-3) + 0)*663/(-442).
227
Suppose 2 = -2*g + 2*a, -5*a + 29 = g - 0*a. Let h = -82 - -56. Let z = g - h. What are the prime factors of z?
2, 3, 5
Let i(q) = q**2 + 18*q - 2. Let n be i(-11). Let l = 40 - n. What are the prime factors of l?
7, 17
Let o(h) = -19*h - 15. Let a(x) = 76*x + 60. Let b(f) = 2*a(f) + 9*o(f). Let i be